{"id":767,"date":"2015-08-05T08:06:18","date_gmt":"2015-08-05T08:06:18","guid":{"rendered":"http:\/\/new-life.axiomthemes.com\/?page_id=767"},"modified":"2025-09-30T10:50:56","modified_gmt":"2025-09-30T10:50:56","slug":"iletisim","status":"publish","type":"page","link":"https:\/\/www.adlgyo.com\/index.php\/iletisim\/","title":{"rendered":"\u0130leti\u015fim"},"content":{"rendered":"<p>[vc_row full_width=&#8221;stretch_row_content_no_spaces&#8221;][vc_column][vc_column_text]<\/p>\n<p style=\"text-align: center;\"><iframe loading=\"lazy\" style=\"border: 0;\" src=\"https:\/\/www.google.com\/maps\/embed?pb=!1m18!1m12!1m3!1d2208.4566939404644!2d28.86153413710602!3d41.103880556515584!2m3!1f0!2f0!3f0!3m2!1i1024!2i768!4f13.1!3m3!1m2!1s0x14cab130a3b458c7%3A0x2caed4a3b65bdf2e!2sADL%20Park%20AVM!5e0!3m2!1str!2str!4v1654771921497!5m2!1str!2str\" width=\"1200\" height=\"450\" frameborder=\"0\" allowfullscreen=\"allowfullscreen\"><\/iframe><\/p>\n<p>[\/vc_column_text][\/vc_column][\/vc_row][vc_row css=&#8221;.vc_custom_1439909374065{background-color: #ffffff !important;}&#8221;][vc_column][vc_empty_space height=&#8221;7.5em&#8221;]<h5 class=\"sc_title sc_title_regular sc_align_center\" style=\"margin-top:0px;margin-bottom:0.25em;text-align:center;color:#00c8ff;font-size:0.923em;\">\u0130leti\u015fim Formu<\/h5><h2 class=\"sc_title sc_title_regular sc_align_center\" style=\"margin-top:0px;margin-bottom:0.5em;text-align:center;\"><strong>Bizimle<\/strong> Temasa Ge\u00e7in<\/h2>[vc_column_text]<\/p>\n<p style=\"text-align: center;\">ADL GYO, ya\u015fam kaliteniz i\u00e7in. Sizleri her zaman ofisimize bekleriz!<\/p>\n<p>[\/vc_column_text]<div class=\"columns_wrap sc_columns columns_nofluid sc_columns_count_3\"><div class=\"column-1_3 sc_column_item sc_column_item_1 sc_form sc_form_style_form_2 odd first\">[vc_column_text el_class=&#8221;sc_form_address_field&#8221;]<span style=\"text-align: left; color: #00c8ff;\">Adres:<\/span><br \/>\nU\u011fur Mumcu, Eski Edirne Asfalt\u0131<br \/>\nNo:654 D:656, 34265 Sultangazi\/\u0130stanbul[\/vc_column_text][vc_column_text el_class=&#8221;sc_form_address_field&#8221;]<span style=\"text-align: left; color: #00c8ff;\">Telefon:<\/span><br \/>\n<a style=\"color: #555555;\" href=\"tel:905323434586\">90-532-3434586<\/a>[\/vc_column_text][vc_column_text el_class=&#8221;sc_form_address_field&#8221;]<span style=\"text-align: left; color: #00c8ff;\">H\u00fcr t\u00fcrl\u00fc sorular\u0131n\u0131z i\u00e7in:<\/span><br \/>\n<a style=\"color: #555555;\" href=\"mailto:info@adlgyo.com\">info@adlgyo.com<\/a>[\/vc_column_text][vc_column_text el_class=&#8221;sc_form_address_field&#8221;]<span style=\"text-align: left; color: #00c8ff;\">\u00c7al\u0131\u015fma Saatleri:<\/span><br \/>\nPazartesi &#8211; Cumartesi 09.00 &#8211; 17.00[\/vc_column_text]<\/div><div class=\"column-2_3 sc_column_item sc_column_item_2 even span_2\"><div role=\"form\" class=\"wpcf7\" id=\"wpcf7-f3253-o1\" lang=\"en-US\" dir=\"ltr\">\n<div class=\"screen-reader-response\"><p role=\"status\" aria-live=\"polite\" aria-atomic=\"true\"><\/p> <ul><\/ul><\/div>\n<form action=\"\/index.php\/wp-json\/wp\/v2\/pages\/767#wpcf7-f3253-o1\" method=\"post\" class=\"wpcf7-form init\" novalidate=\"novalidate\" data-status=\"init\">\n<div style=\"display: none;\">\n<input type=\"hidden\" name=\"_wpcf7\" value=\"3253\" \/>\n<input type=\"hidden\" name=\"_wpcf7_version\" value=\"5.5.6.1\" \/>\n<input type=\"hidden\" name=\"_wpcf7_locale\" value=\"en_US\" \/>\n<input type=\"hidden\" name=\"_wpcf7_unit_tag\" value=\"wpcf7-f3253-o1\" \/>\n<input type=\"hidden\" name=\"_wpcf7_container_post\" value=\"0\" \/>\n<input type=\"hidden\" name=\"_wpcf7_posted_data_hash\" value=\"\" \/>\n<\/div>\n<p><span class=\"wpcf7-form-control-wrap text-962\"><input type=\"text\" name=\"text-962\" value=\"\" size=\"40\" class=\"wpcf7-form-control wpcf7-text wpcf7-validates-as-required\" aria-required=\"true\" aria-invalid=\"false\" placeholder=\"Ad\u0131 Soyad\u0131 *\" \/><\/span><\/p>\n<p><span class=\"wpcf7-form-control-wrap email-910\"><input type=\"email\" name=\"email-910\" value=\"\" size=\"40\" class=\"wpcf7-form-control wpcf7-text wpcf7-email wpcf7-validates-as-required wpcf7-validates-as-email\" aria-required=\"true\" aria-invalid=\"false\" placeholder=\"E-mail *\" \/><\/span><\/p>\n<p><span class=\"wpcf7-form-control-wrap textarea-335\"><textarea name=\"textarea-335\" cols=\"40\" rows=\"10\" class=\"wpcf7-form-control wpcf7-textarea wpcf7-validates-as-required\" aria-required=\"true\" aria-invalid=\"false\" placeholder=\"Mesaj\u0131n\u0131z\"><\/textarea><\/span><\/p>\n<p><input type=\"submit\" value=\"G\u00d6NDER\" class=\"wpcf7-form-control has-spinner wpcf7-submit\" \/><\/p>\n<div class=\"wpcf7-response-output\" aria-hidden=\"true\"><\/div><\/form><\/div><\/div><\/div>[vc_empty_space height=&#8221;7.5em&#8221;][\/vc_column][\/vc_row]<\/p>\n","protected":false},"excerpt":{"rendered":"<p>[vc_row full_width=&#8221;stretch_row_content_no_spaces&#8221;][vc_column][vc_column_text][\/vc_column_text][\/vc_column][\/vc_row][vc_row css=&#8221;.vc_custom_1439909374065{background-color: #ffffff !important;}&#8221;][vc_column][vc_empty_space height=&#8221;7.5em&#8221;][vc_column_text] ADL GYO, ya\u015fam kaliteniz i\u00e7in. Sizleri her zaman ofisimize bekleriz! [\/vc_column_text][vc_empty_space height=&#8221;7.5em&#8221;][\/vc_column][\/vc_row]<\/p>\n","protected":false},"author":1,"featured_media":0,"parent":0,"menu_order":0,"comment_status":"closed","ping_status":"closed","template":"","meta":[],"_links":{"self":[{"href":"https:\/\/www.adlgyo.com\/index.php\/wp-json\/wp\/v2\/pages\/767"}],"collection":[{"href":"https:\/\/www.adlgyo.com\/index.php\/wp-json\/wp\/v2\/pages"}],"about":[{"href":"https:\/\/www.adlgyo.com\/index.php\/wp-json\/wp\/v2\/types\/page"}],"author":[{"embeddable":true,"href":"https:\/\/www.adlgyo.com\/index.php\/wp-json\/wp\/v2\/users\/1"}],"replies":[{"embeddable":true,"href":"https:\/\/www.adlgyo.com\/index.php\/wp-json\/wp\/v2\/comments?post=767"}],"version-history":[{"count":18,"href":"https:\/\/www.adlgyo.com\/index.php\/wp-json\/wp\/v2\/pages\/767\/revisions"}],"predecessor-version":[{"id":4121,"href":"https:\/\/www.adlgyo.com\/index.php\/wp-json\/wp\/v2\/pages\/767\/revisions\/4121"}],"wp:attachment":[{"href":"https:\/\/www.adlgyo.com\/index.php\/wp-json\/wp\/v2\/media?parent=767"}],"curies":[{"name":"wp","href":"https:\/\/api.w.org\/{rel}","templated":true}]}}